658. Give h(-22).
156
Let n(a) = 2*a**2 + 273*a + 1069. What is n(-4)?
9
Let c(x) = x**3 - 28*x**2 + 27*x - 87. Give c(27).
-87
Let a(k) = -3*k**3 - 14*k**2 - k + 36. Determine a(-6).
186
Let v(x) = x**3 - 37*x**2 + 76*x - 127. Determine v(35).
83
Let h(s) = 101*s - 3558. Determine h(35).
-23
Let h(m) = -m**3 + 97*m**2 + 137*m - 3810. What is h(98)?
12
Let u(s) = 10*s**3 + 302*s**2 + 54*s - 179. What is u(-30)?
1
Let y(f) = -1761*f + 5278. What is y(3)?
-5
Let d(i) = 16*i - 732. Calculate d(50).
68
Let n(l) = 31*l**2 - 35*l + 116. Calculate n(5).
716
Let x(h) = -9*h**2 + 204*h + 71. Give x(23).
2
Let x(i) = i**3 + 168*i**2 - 1235*i - 1751. Give x(-175).
-1
Let s(r) = 72*r - 6. Give s(0).
-6
Let b(n) = -n**3 - 148*n**2 + 290*n - 1465. Determine b(-150).
35
Let y(d) = -d**3 + 11*d**2 - 8*d - 34. Calculate y(11).
-122
Let a(t) = -15*t**3 + 2*t**2 + 5*t - 10. Calculate a(-4).
962
Let g(d) = d**2 + 33351*d - 66708. Give g(2).
-2
Let n(z) = -z**3 + 5*z**2 + 200*z + 144. Determine n(-11).
-120
Let c(i) = i**2 - 17*i + 33. Calculate c(2).
3
Let u(o) = -62*o + 4594. Give u(74).
6
Let n(q) = -171*q - 10. Calculate n(0).
-10
Let p(n) = 19*n**3 - 3*n**2 + 4*n - 2. Determine p(1).
18
Let t(s) = -57*s**3 + 3*s**2 - 4*s - 2. Give t(2).
-454
Let f(x) = -x**3 - 9*x**2 + 265*x + 2468. What is f(-16)?
20
Let r(n) = -19*n**2 + 534*n - 70. What is r(28)?
-14
Let q(h) = -2*h**3 - 125*h**2 - 154*h + 1781. Calculate q(-61).
12
Let r(s) = s**3 + 69*s**2 + 6*s + 415. What is r(-69)?
1
Let z(n) = -n**3 + 73*n**2 - 92*n - 3540. Calculate z(71).
10
Let b(m) = m**2 - 328*m + 14787. What is b(274)?
-9
Let h(s) = 83*s + 165. Calculate h(-2).
-1
Let c(w) = 4*w**2 + 21*w - 80. Determine c(-9).
55
Let c(v) = 3*v**2 + 62*v - 15. Determine c(-21).
6
Let q(o) = -2*o**3 - 70*o**2 - 454*o + 362. Give q(-26).
-2
Let n(p) = 15*p**2 - 168*p + 22. Determine n(10).
-158
Let h(m) = -5*m + 164. Determine h(42).
-46
Let d(x) = -364*x + 18. What is d(1)?
-346
Let y(w) = -27*w - 70. Calculate y(-2).
-16
Let c(l) = -1195*l + 9544. What is c(8)?
-16
Let q(l) = 742*l - 69749. Determine q(94).
-1
Let r(h) = -3*h**2 + 60*h + 31. What is r(22)?
-101
Let n(k) = -4*k**2 + 80*k + 7. What is n(20)?
7
Let v(w) = 3*w**2 + 22*w + 7. Calculate v(-2).
-25
Let z(d) = d**3 + 9*d**2 + 33*d + 14. Give z(-9).
-283
Let h(f) = -f**2 + 17*f - 41. Give h(14).
1
Let u(i) = -i**3 + 8*i**2 + 370*i - 3501. What is u(10)?
-1
Let c(n) = 81*n + 1899. Determine c(-30).
-531
Let n(o) = 3*o**3 + 207*o**2 - 3*o - 199. Give n(-69).
8
Let i(x) = -x**3 + 22*x + 87. Calculate i(7).
-102
Let q(y) = -87*y**3 - y**2 + 2*y - 1. Determine q(1).
-87
Let a(w) = w**3 + 12*w**2 + 2*w - 21. Determine a(-9).
204
Let c(v) = 1145*v + 14885. Calculate c(-13).
0
Let g(d) = -1071*d + 7419. Calculate g(7).
-78
Let o(g) = -2*g**3 + 30*g**2 - 54*g + 31. Determine o(13).
5
Let k(v) = 2*v**3 + 176*v**2 - 355*v + 451. Determine k(-90).
1
Let k(f) = -f**2 - 3*f + 163. What is k(-15)?
-17
Let b(d) = -1333*d - 38652. What is b(-29)?
5
Let t(j) = -4*j**2 - 103*j + 4278. Calculate t(-48).
6
Let n(i) = 78*i - 1167. Give n(15).
3
Let x(k) = -120*k + 4678. Calculate x(39).
-2
Let n(x) = 84*x - 6273. Give n(76).
111
Let z(v) = -2*v**3 - 5*v**2 + 16*v + 2. Give z(-4).
-14
Let l(g) = -623*g + 1197. What is l(2)?
-49
Let g(o) = -28*o - 414. What is g(-17)?
62
Let y(r) = 16*r**3 - 860*r**2 - 213*r - 163. What is y(54)?
-1
Let n(m) = -2*m**3 + 47*m**2 - 78*m - 27. Give n(21).
540
Let y(t) = -2*t**2 + 62*t - 74. Determine y(29).
42
Let w(o) = -5*o**2 + 46*o + 42. Give w(-1).
-9
Let f(n) = n**3 + 146*n**2 + 156*n + 1583. Give f(-145).
-12
Let y(s) = -5*s**2 - 182*s - 197. Give y(-35).
48
Let i(k) = -7*k**2 + 217*k + 2523. Calculate i(40).
3
Let v(b) = -2*b**3 + 2*b**2 + 7*b - 26. Calculate v(3).
-41
Let h(f) = -f**3 - 20*f**2 - 33*f - 31. Calculate h(-18).
-85
Let m(p) = -1201*p + 4837. What is m(4)?
33
Let x(k) = k**3 + 22*k**2 + 96*k - 7. Give x(-16).
-7
Let y(f) = -1694*f - 8473. Determine y(-5).
-3
Let j(b) = 3*b**2 - 57*b - 757. Give j(28).
-1
Let f(s) = s**2 + 26*s - 4867. Calculate f(58).
5
Let p(q) = -11*q**3 - q**2 - 8*q + 20. Calculate p(2).
-88
Let q(m) = 5*m**2 + 258*m + 500. What is q(-2)?
4
Let l(q) = -q**2 + 3232*q - 51454. Calculate l(16).
2
Let k(x) = -16*x**2 - 63*x + 4. Give k(-4).
0
Let f(i) = 172*i + 1332. Calculate f(-8).
-44
Let w(p) = p**3 - 19*p**2 + 97*p - 50. Calculate w(13).
197
Let l(p) = -39*p + 363. What is l(9)?
12
Let h(y) = -3*y**2 - 7*y + 212. Calculate h(8).
-36
Let k(z) = -587*z + 562. Give k(1).
-25
Let d(k) = -49*k**2 - 220*k + 7. Determine d(-5).
-118
Let o(u) = 5*u**2 - 211*u - 363. Calculate o(44).
33
Let q(h) = 3*h**2 - 8*h - 17. Determine q(7).
74
Let n(f) = -92*f - 90. Give n(-1).
2
Let x(s) = 324*s - 1962. Determine x(6).
-18
Let p(b) = -10*b + 201. Determine p(19).
11
Let p(j) = 2*j - 40. Calculate p(-5).
-50
Let i(u) = -2*u**3 - 14*u**2 + 13*u + 31. Calculate i(-8).
55
Let l(v) = 3*v**2 - 5*v - 12. What is l(-2)?
10
Let c(d) = 13*d + 1390. Calculate c(-111).
-53
Let f(b) = -41*b - 6. Give f(1).
-47
Let u(i) = i**3 + 41*i**2 + 90*i + 615. Determine u(-39).
147
Let n(f) = -f**3 - 2*f**2 - 2804*f - 5614. Determine n(-2).
-6
Let f(a) = 351*a - 17539. Calculate f(50).
11
Let p(k) = 2*k**2 - 9337*k - 4. Give p(0).
-4
Let c(t) = -7*t**3 - 117*t**2 + 40*t + 32. What is c(-17)?
-70
Let t(x) = x**3 - 26*x**2 - 131*x + 4602. What is t(23)?
2
Let p(b) = -2*b**2 + 10*b - 2. Give p(5).
-2
Let s(t) = -179*t - 3191. Calculate s(-18).
31
Let m(v) = 83*v - 327. Determine m(4).
5
Let b(k) = 1257*k - 1255. Give b(1).
2
Let x(q) = -q**2 + 106*q + 683. Calculate x(112).
11
Let n(j) = -2*j**3 - 16*j**2 + 14*j - 41. Calculate n(-9).
-5
Let g(c) = 15*c**2 - 935*c + 284. Determine g(62).
-26
Let g(j) = j**2 - 35*j + 214. What is g(10)?
-36
Let d(c) = -9*c - 175. Give d(-22).
23
Let w(z) = -z**3 - 25*z**2 - 108*z + 126. Calculate w(-19).
12
Let s(g) = g**2 - 23*g + 79. What is s(20)?
19
Let w(z) = 32*z - 3. What is w(-2)?
-67
Let z(b) = -3*b**2 + 59*b + 31. Determine z(20).
11
Let p(j) = -j**3 - 8*j**2 - 8*j + 46. Give p(-6).
22
Let x(g) = 23*g + 51. Calculate x(-3).
-18
Let n(d) = d**2 + 15*d - 34. What is n(-18)?
20
Let v(k) = -k**2 - 47*k + 10170. Give v(80).
10
Let u(r) = -59*r**2 - 120*r - 121. Calculate u(-1).
-60
Let g(a) = 3*a**3 - 5*a + 143. Determine g(0).
143
Let k(d) = 107*d + 79. What is k(-1)?
-28
Let h(s) = -8*s**2 + 136*s + 25. Calculate h(13).
441
Let x(a) = 14289*a + 71455. Calculate x(-5).
10
Let n(h) = -h**3 + 7*h**2 + 9*h - 64. What is n(3)?
-1
Let x(k) = 13*k - 16. Determine x(-3).
-55
Let x(s) = s**2 + 36*s + 152. Give x(-14).
-156
Let y(c) = -9467*c - 56797. Determine y(-6).
5
Let f(i) = 111*i**2 + 446*i - 29. What is f(-4)?
-37
Let a(p) = -14*p + 435. Determine a(32).
-13
Let v(z) = -7*z**2 + 7*z - 49. Give v(4).
-133
Let j(g) = -2168*g + 28172. Give j(13).
-12
Let p(z) = -2*z**3 + 22*z**2 + 3*z - 83. Determine p(9).
268
Let b(d) = 3*d**2 + 3*d + 22. What is b(6)?
148
Let a(f) = 2*f**3 + 28*f**2 - 31*f - 67. What is a(-15)?
-52
Let c(w) = 1487*w + 11897. Determine c(-8).
1
Let u(v) = -17*v - 287. Calculate u(-5).
-202
Let n(r) = 17*r**2 - 33*r + 8. Give n(-4).
412
Let s(k) = 56*k**2 - 42*k + 59. What is s(1)?
73
Let v(b) = 51*b - 175. Calculate v(7).
182
Let v(y) = -y**2 - 50*y - 667. What is v(-25)?
-42
Let x(u) = -u**3 + 24*u**2 - u - 52. What is x(24)?
-76
Let h(l) = -2*l**3 + 9*l**2 + 39*l + 69. Calculate h(7).
97
Let r(z) = -12*z**2 + 17*z - 10. What is r(2)?
-24
Let j(l) = -3*l**2 - 34*l - 83. Determine j(-5).
12
Let f(n) = n**2 - 43*n - 2556. Calculate f(81).
522
Let l(m) = -4*m**3 + 41*m**2 - 11*m - 31. Give l(10).
-41
Let o(p) = p**2 - 23443*p - 164153. What is o(-7)?
-3
Let f(r) = -r**2 - 27*r - 62. Calculate f(-12).
118
Let y(w) = 157*w + 938. What is y(-6)?
-4
Let h(u) = -184*u - 9554. Determine h(-52).
14
Let y(s) = -476*s - 432. Give y(-1).
44
Let u(l) = l**3 + 68*l**2 + 1145*l - 47. Determine u(-37).
27
Let b(o) = 12*o - 17. Determine b(-3).
-53
Let s(l) = l**3 + 5*l**2 + 88. Give s(-7).
-10
Let w(p) = 2*p**3 - 63*p**2 + 28*p + 106. Give w(31).
13
Let w(y) = 29*y**2 + 14*y + 42. What is w(-3)?
261
Let p(k) = -4*k**3 - 13*k**2 + 172*k + 2. Give p(-8).
-158
Let i(c) = c**2 + 81*c + 1447. What is i(-55)?
1